he prime factors of g?
2, 3, 7
Let m = 38 + 34. List the prime factors of m.
2, 3
Let j = 23 + -12. Let s = -13 - -13. Let f = s + j. List the prime factors of f.
11
Suppose 5*b + 56 = -2*h - 2*h, -4*b = 3*h + 44. Let t = -6 - b. What are the prime factors of t?
2
Let c(w) = -w + 1. Let z be c(-1). List the prime factors of z - (-3 - -2)/1.
3
Let b = -21 + 9. Let h = -7 - b. Suppose 5*j + 48 = 4*k + j, 36 = 3*k - h*j. List the prime factors of k.
2, 3
Suppose 0*r = -r + 5*d - 13, -4 = -5*r + 2*d. Suppose 0 = r*a - 26 - 4. List the prime factors of 9/(-2)*(-20)/a.
2, 3
List the prime factors of (-12 + (2 - 2))*-7.
2, 3, 7
Let z be (4 - 4) + 27 + 1. Let k = z + -15. List the prime factors of k.
13
Let q(p) = -2*p**2 - 2*p + 2. Let o be q(-2). List the prime factors of o/(1/(-5) + 0).
2, 5
Suppose 3*d - 7 = -v, -d + 9 = 2*d. Let t be (15*v)/(9/(-6)). Let c = -10 + t. List the prime factors of c.
2, 5
Let p(u) = 8*u**2 + 1. What are the prime factors of p(1)?
3
Suppose 0 = -0*p + p - 3. Suppose -4*w - 2*k = -12, p*k + 9 = w + 2*w. What are the prime factors of w?
3
Suppose 2*m = 5*m - 21. Suppose 4*l - 41 - m = 0. What are the prime factors of l?
2, 3
Suppose 105 = -2*z + 3*w, w - 4*w - 210 = 5*z. List the prime factors of z/(-6) + (-2)/4.
7
Let v(y) = -y**3 + 7*y**2 + 9*y - 6. Let a be v(8). Suppose -108 - a = -2*t. List the prime factors of t.
5, 11
What are the prime factors of (-58)/(-3) + (-4)/12?
19
Let n = -10 - -18. Let x be 1/(8/(-10) + 1). Suppose 3 = -u, -u - n = -x*j + 10. What are the prime factors of j?
3
Suppose 2*u - 3 = 13. What are the prime factors of u?
2
Suppose 2*a - 4*a = 18. What are the prime factors of 0 - 0/(-3) - a?
3
Suppose 5*l - 17 = 3. What are the prime factors of l?
2
Suppose 2*s - 40 = s. Suppose 3*w - 68 = -p, -2*p + 4*p + s = 2*w. What are the prime factors of w?
2, 11
Let u be 7 + -2 + 0 + 1. Let g = 11 - u. Suppose -a = -g*a + 48. What are the prime factors of a?
2, 3
Suppose 4 = 4*r, -7*z + 2*z - r - 99 = 0. What are the prime factors of 15/z*(1 + -21)?
3, 5
Let z = -1 - 8. Let r = -16 - z. List the prime factors of 2 - (-7)/(r/(-6)).
2
Let q(v) = 2*v - 4. Let m be q(6). Let f = m + -6. List the prime factors of f.
2
Let v(r) = 3*r**2 - 6*r + 1. What are the prime factors of v(4)?
5
Suppose 2*k + 3*k + 640 = 0. What are the prime factors of 9/(-6)*k/6?
2
Let w be (-2)/(-8) + (-315)/(-36). Let q = 19 - w. List the prime factors of q.
2, 5
Let d(h) = -h**2 - 7*h + 8. Let p be d(-4). Let c = -24 + 16. Let y = p + c. What are the prime factors of y?
2, 3
Let i = 0 + 12. Let f(n) = 9*n + 2. Let x be f(2). Let b = x - i. List the prime factors of b.
2
Suppose 0 = 6*k - 10 - 2. What are the prime factors of k?
2
Let f(p) be the second derivative of -1/2*p**2 + 0 - 3*p - 1/2*p**3. List the prime factors of f(-1).
2
List the prime factors of -4 + -129*(-12)/9.
2, 3, 7
Let o(z) = z + 5. Let t be o(-6). What are the prime factors of 17 - 1/t*-3?
2, 7
Let h(t) = 2*t - 22. Let u(x) = x - 7. Let p(a) = -6*h(a) + 17*u(a). What are the prime factors of p(8)?
53
What are the prime factors of 24/(-18)*21/(-2)?
2, 7
Let k be (-24)/15*(-35)/(-2). List the prime factors of (-1127)/k - (-1)/(-4).
2, 5
Suppose 0 = -h - 1, -2*q - 101 = -5*h + 58. Let o be (-2)/(-7) + q/(-7). What are the prime factors of (o/10)/(6/30)?
2, 3
List the prime factors of (3 + -7 + 3)*-197.
197
Let u = -9 - -9. Let w(k) be the second derivative of -k**5/20 - k**3/6 + 5*k**2 + k. What are the prime factors of w(u)?
2, 5
Let v be (-9)/24*-2*12. List the prime factors of 3/v + 124/6.
3, 7
What are the prime factors of 294/9 + (-2)/(-6)?
3, 11
Let a = 282 - 113. What are the prime factors of a?
13
Let b(u) = -u**3 + 5*u**2 - 2*u + 1. Let q(g) = g**3 - 5*g**2 + 2*g - 1. Let n(v) = 6*b(v) + 7*q(v). What are the prime factors of n(5)?
3
Let a be (-21)/9 + (-3)/(-9). Let k be 1/(2/(6 - a)). Suppose v = -v - k*x - 2, 0 = x + 4. What are the prime factors of v?
7
Suppose 0 = 5*i + 2*t - 5*t - 986, 5*i - 4*t - 988 = 0. What are the prime factors of i?
2, 7
Let q(b) = b**3 - b**2 - 4*b + 3. Let h = 0 + 3. List the prime factors of q(h).
3
Let x = 31 - -4. List the prime factors of x.
5, 7
Suppose -6*n = -4*n - 114. Let y = n + -83. List the prime factors of y/(-2) - (-2 - -3).
2, 3
Suppose -2*u = -392 - 160. List the prime factors of u.
2, 3, 23
Let c be 5/5*(-1)/(-1). Suppose -5*v - 5*i + 55 = 0, 0*i = i - c. List the prime factors of v.
2, 5
Suppose -5*r + 76 = 5*a - 2*a, 0 = 4*r + 5*a - 66. What are the prime factors of r?
2, 7
Let w(p) = p**2 - 6*p + 5. Let a be w(6). Suppose r + 3 = -y - a, -5*r = -10. Let n = 23 + y. What are the prime factors of n?
13
Suppose f + 0*f = 12. Suppose c + f = 4*c. Suppose -3*q + 2*q = -c. What are the prime factors of q?
2
List the prime factors of -18*((-10)/3 + 2).
2, 3
Let i(b) = b**2 - 5*b - 3. Let y be i(5). Let a = y - -18. What are the prime factors of (-2)/(-5) - (-159)/a?
11
Let r(x) = x + 2. Let s be r(2). Suppose h = s*q - 4*h - 13, -q = -5*h - 7. Suppose q*g - 24 = -0*g. What are the prime factors of g?
2, 3
Suppose 5*s + 1 = -9. Let z = 3 + s. Suppose 0 = -2*r + 13 + z. What are the prime factors of r?
7
Let k be 4/14 + 188/28. Let f = -7 + k. Suppose f*c - 30 = -2*c. What are the prime factors of c?
3, 5
Let h(l) = -2*l**2 - 9*l + 1. Suppose -2*w - 8 = 0, 4 = d - 3*w - 4. List the prime factors of h(d).
5
Suppose 3*h - 7 = 6*h - w, 3*w + 19 = -h. What are the prime factors of (0 + 16)*(-2 - h)?
2
Let m(i) = -i**3 - i**2 - i + 6. Suppose -2 = 5*a + 4*p - 5*p, -3*p = 5*a - 6. Let o = a - 0. What are the prime factors of m(o)?
2, 3
Let y(h) = -h**2 + 5*h + 2. Suppose -4*t + 19 = 5*q - t, -11 = -3*q - 2*t. Let c be y(q). Suppose c + 7 = 3*p. What are the prime factors of p?
3
Suppose -5*z = 7 - 2. Let o be (-8)/(-2) + -2 - z. Suppose o*f + 24 = w + 2*w, -2*w - 4 = 3*f. What are the prime factors of w?
2
Let p(b) = b**3 + 3*b**2 - 4*b + 3. Let g be p(-4). Suppose -30 = -g*i + 4*v - 7, 3 = -i + 4*v. List the prime factors of i.
13
Let x = -3 + 3. Let s = 4 + -4. Suppose s = 5*w - 5, x = -2*m + 2*w + 2*w + 4. List the prime factors of m.
2
What are the prime factors of (114*1*-1)/(-2)?
3, 19
Suppose q = 4*c + 9 + 28, -c = 0. What are the prime factors of q?
37
Let v = -27 + 28. What are the prime factors of 60/(-15) + 11*v?
7
Suppose -4*c + 14 = -u, c + 2 = u + 2*u. Suppose u*a = a + 19. List the prime factors of a.
19
What are the prime factors of (2 - 3)*-2 - -199?
3, 67
Suppose -4*i + 11 = -5. Suppose -c = -s + 33, c = i*s - 2*c - 133. What are the prime factors of s?
2, 17
Let c be (12/(-15))/(4/(-10)). Let l(q) = 1 + 2*q + c + 1 + 0. What are the prime factors of l(7)?
2, 3
Let s = 3 + -7. Let j be 10 + (-3 - (1 - 2)). Let o = s + j. What are the prime factors of o?
2
Let u(o) = -2*o + 4. Let g be u(-9). Suppose t = -4*t + 5*a + 30, -5*t + 3*a = -g. What are the prime factors of t?
2
Suppose -4*g + 5*w = w - 36, -20 = 4*w. What are the prime factors of (234/(-15))/(g/(-10))?
3, 13
Let z be 0*1/(3 - 1). Let k = -16 + 18. Let i = k + z. What are the prime factors of i?
2
Suppose -t - 175 = -5*u, 4*t - 35 = -3*u + 70. What are the prime factors of (u + -5)*4/6?
2, 5
Suppose 0 = 3*j - 0*j - 15. What are the prime factors of j?
5
Let y(d) = -3*d**2 + d. Let h be y(-1). List the prime factors of 43/2 - h/8.
2, 11
Let b(q) = q**2 + 1. Let i(c) = c**3 - 2*c**2 + c - 2. Let s(l) = -5*b(l) + i(l). Let v be s(7). Let x = 6 - v. What are the prime factors of x?
2, 3
Suppose 70 = o - 0*o - 5*q, -3*q + 88 = 2*o. What are the prime factors of o?
2, 5
Let o(j) = j**2 + 3*j + 1. Let f be o(-4). Suppose 9*t = f*t + 104. List the prime factors of t.
2, 13
Suppose 0 = -12*y + 7*y + 15. Suppose 78 - 2 = w. Suppose -7 = y*t + 5*p - 53, -4*t = 3*p - w. List the prime factors of t.
2, 11
Let g(k) be the second derivative of -k**4/12 + k**3 + 3*k**2 + 2*k. Let u be g(7). Let h = 10 - u. List the prime factors of h.
11
Let j(q) = q**3 - 5*q**2 - 6*q - 5. Let w(x) = -x. Let y be w(-6). Let s be j(y). What are the prime factors of (-13)/s + (-2)/(-5)?
3
Suppose -3*j - 4*w + 73 = -36, -4*w = 5*j - 171. What are the prime factors of j?
31
Let a = -53 - -155. Suppose 0 = -3*n + 3*r + 84, n - a = -3*n - r. List the prime factors of n.
2, 13
Let